 the ten thousands digit of 2966560?
6
What is the hundreds digit of 11910?
9
What is the thousands digit of 471224?
1
What is the thousands digit of 48190?
8
What is the thousands digit of 9091?
9
What is the thousands digit of 904507?
4
What is the tens digit of 4425657?
5
What is the ten thousands digit of 15399?
1
What is the hundreds digit of 46804?
8
What is the tens digit of 976668?
6
What is the thousands digit of 639074?
9
What is the tens digit of 17149584?
8
What is the tens digit of 728121?
2
What is the hundreds digit of 5493852?
8
What is the ten thousands digit of 24573136?
7
What is the tens digit of 19331561?
6
What is the tens digit of 9361158?
5
What is the hundreds digit of 135049?
0
What is the thousands digit of 9259?
9
What is the units digit of 2421500?
0
What is the ten thousands digit of 34061?
3
What is the units digit of 133487?
7
What is the hundreds digit of 2275107?
1
What is the hundred thousands digit of 1479972?
4
What is the tens digit of 1813562?
6
What is the hundred thousands digit of 126593?
1
What is the hundred thousands digit of 14344160?
3
What is the hundred thousands digit of 292016?
2
What is the hundreds digit of 385869?
8
What is the units digit of 79872?
2
What is the tens digit of 61174?
7
What is the hundred thousands digit of 353217?
3
What is the units digit of 10083826?
6
What is the units digit of 1237705?
5
What is the hundred thousands digit of 1309378?
3
What is the ten thousands digit of 3220193?
2
What is the ten thousands digit of 231482?
3
What is the hundreds digit of 4917299?
2
What is the tens digit of 1217410?
1
What is the hundreds digit of 208951?
9
What is the ten thousands digit of 1207774?
0
What is the units digit of 423704?
4
What is the thousands digit of 451554?
1
What is the hundreds digit of 2263848?
8
What is the tens digit of 1618595?
9
What is the thousands digit of 471496?
1
What is the units digit of 1204349?
9
What is the units digit of 392384?
4
What is the ten thousands digit of 331315?
3
What is the ten thousands digit of 15956817?
5
What is the units digit of 717584?
4
What is the hundreds digit of 1196658?
6
What is the tens digit of 114149?
4
What is the tens digit of 4520658?
5
What is the millions digit of 8024005?
8
What is the tens digit of 266717?
1
What is the units digit of 16185285?
5
What is the hundreds digit of 24417463?
4
What is the thousands digit of 2824586?
4
What is the ten thousands digit of 3515843?
1
What is the tens digit of 2709456?
5
What is the units digit of 1095674?
4
What is the hundred thousands digit of 212851?
2
What is the tens digit of 1738101?
0
What is the ten thousands digit of 1472865?
7
What is the thousands digit of 724475?
4
What is the tens digit of 2080163?
6
What is the hundred thousands digit of 12275321?
2
What is the units digit of 241989?
9
What is the tens digit of 758500?
0
What is the ten thousands digit of 304638?
0
What is the millions digit of 4060285?
4
What is the units digit of 1029694?
4
What is the hundreds digit of 569918?
9
What is the thousands digit of 1845154?
5
What is the ten thousands digit of 765979?
6
What is the tens digit of 169316?
1
What is the tens digit of 1965349?
4
What is the ten thousands digit of 10034009?
3
What is the tens digit of 511157?
5
What is the thousands digit of 3556584?
6
What is the tens digit of 565032?
3
What is the hundred thousands digit of 10840829?
8
What is the tens digit of 284603?
0
What is the units digit of 405760?
0
What is the tens digit of 233853?
5
What is the hundred thousands digit of 21720848?
7
What is the thousands digit of 2255105?
5
What is the thousands digit of 2090985?
0
What is the hundreds digit of 245066?
0
What is the units digit of 6609103?
3
What is the tens digit of 80727?
2
What is the tens digit of 1280322?
2
What is the hundreds digit of 2213910?
9
What is the thousands digit of 11035702?
5
What is the tens digit of 318953?
5
What is the hundreds digit of 2526547?
5
What is the hundred thousands digit of 591249?
5
What is the hundred thousands digit of 2602377?
6
What is the hundreds digit of 649225?
2
What is the tens digit of 11919782?
8
What is the hundred thousands digit of 217508?
2
What is the tens digit of 2407406?
0
What is the millions digit of 2213658?
2
What is the thousands digit of 259194?
9
What is the hundred thousands digit of 4791412?
7
What is the ten thousands digit of 136366?
3
What is the ten millions digit of 10087198?
1
What is the hundred thousands digit of 12715142?
7
What is the hundreds digit of 729096?
0
What is the ten thousands digit of 1608447?
0
What is the units digit of 914710?
0
What is the hundred thousands digit of 1712519?
7
What is the units digit of 22062815?
5
What is the ten thousands digit of 9016469?
1
What is the units digit of 10728673?
3
What is the hundred thousands digit of 250403?
2
What is the hundreds digit of 1255185?
1
What is the tens digit of 172449?
4
What is the tens digit of 466752?
5
What is the ten millions digit of 11443223?
1
What is the ten thousands digit of 240876?
4
What is the units digit of 27161?
1
What is the hundreds digit of 6433012?
0
What is the ten millions digit of 14015223?
1
What is the tens digit of 9580601?
0
What is the thousands digit of 19834967?
4
What is the hundred thousands digit of 383654?
3
What is the tens digit of 10670?
7
What is the hundreds digit of 1036026?
0
What is the tens digit of 5035467?
6
What is the hundreds digit of 5080?
0
What is the units digit of 1025564?
4
What is the tens digit of 272833?
3
What is the units digit of 3936418?
8
What is the ten thousands digit of 10392467?
9
What is the hundreds digit of 9737?
7
What is the thousands digit of 747163?
7
What is the hundreds digit of 3514963?
9
What is the units digit of 69511?
1
What is the tens digit of 695400?
0
What is the tens digit of 34920637?
3
What is the thousands digit of 392148?
2
What is the tens digit of 578705?
0
What is the units digit of 14104337?
7
What is the hundreds digit of 205875?
8
What is the hundred thousands digit of 29126722?
1
What is the ten thousands digit of 702448?
0
What is the hundreds digit of 941675?
6
What is the thousands digit of 126160?
6
What is the units digit of 6113454?
4
What is the units digit of 450676?
6
What is the units digit of 9901797?
7
What is the hundred thousands digit of 178060?
1
What is the tens digit of 298246?
4
What is the ten thousands digit of 2783367?
8
What is the units digit of 5286582?
2
What is the thousands digit of 5577193?
7
What is the hundred thousands digit of 1140963?
1
What is the units digit of 353304?
4
What is the thousands digit of 1230854?
0
What is the hundred thousands digit of 345690?
3
What is the thousands digit of 6225926?
5
What is the ten thousands digit of 5846947?
4
What is the tens digit of 234892?
9
What is the hundreds digit of 2092502?
5
What is the hundreds digit of 1130820?
8
What is the hundred thousands digit of 843205?
8
What is the hundreds digit of 5423451?
4
What is the hundreds digit of 38438583?
5
What is the millions digit of 6100631?
6
What is the units digit of 199001?
1
What is the units digit of 109152?
2
What is the hundred thousands digit of 157817?
1
What is the tens digit of 6913307?
0
What is the hundred thousands digit of 186387?
1
What is the units digit of 684749?
9
What is the hundreds digit of 18572798?
7
What is the hundreds digit of 724208?
2
What is the hundred thousands digit of 458131?
4
What is the tens digit of 727935?
3
What is the tens digit of 2168230?
3
What is the hundred thousands digit of 567799?
5
What is the tens digit of 926189?
8
What is the ten thousands digit of 638111?
3
What is the millions digit of 3972757?
3
What is the ten thousands digit of 1316567?
1
What is the thousands digit of 631049?
1
What is the hundreds digit of 264278?
2
What is the ten thousands digit of 410879?
1
What is the hundreds digit of 794158?
1
What is the units digit of 80595?
5
What is the ten thousands digit of 204204?
0
What is the units digit of 3727129?
9
What is the thousands digit of 2481316?
1
What is the thousands digit of 60809?
0
What is the units digit of 1974340?
0
What is the units digit of 252856?
6
What is the thousands digit of 2232943?
2